). Let d(b) = 5*b**2 - 18*b - 10. Let s(z) = 5*z**2 - 19*z - 10. Let n(i) = x*d(i) - 4*s(i). What is the tens digit of n(-5)?
8
Let m = 126206 - 55796. What is the thousands digit of m?
0
Suppose 0 = -2*g + 14, -2875 = -4*f - 3*g + 25630. What is the hundreds digit of f?
1
Let l be (-11 - 7)/9*(-5)/2. Suppose 5*i - l*g = 679 + 3496, 0 = 2*i + 3*g - 1685. What is the units digit of i?
8
Let j be (-40)/(-10) + (0 - -1). Suppose -5*g + 1294 = -4*x, -3*x - j*g = -0*x + 953. Let h = x + 496. What is the tens digit of h?
7
Let f(b) be the third derivative of b**5/60 - 11*b**4/24 + 29*b**3/3 + 38*b**2 + 5*b. Let z = 20 - 9. What is the units digit of f(z)?
8
Let v(n) = 11*n**2 - 23*n**2 + 22*n - 13*n**2 + 46 + n**3. Let x be v(24). What is the tens digit of ((847/(-35))/(x/10))/1?
2
Let d be 1 + ((-162)/4)/((-3)/20). Suppose d*y - 272*y + 398 = 0. What is the tens digit of y?
9
Let c(w) = -4*w**2 + 3*w - 3. Let s be c(-4). Let u = 71 + s. What is the tens digit of (-2 - -330)*2/u*-2?
6
Let p(t) = 6*t**3 + t**2 + 2*t - 5. Let d be p(4). Suppose 8*q - d = 589. What is the tens digit of 1 + q - 0 - (9 + -9)?
2
Suppose 401*y - 417*y + 409504 = 0. What is the units digit of y?
4
Let m(k) = 45*k + 1077. What is the thousands digit of m(60)?
3
Suppose 0 = 5*j - 12*j + 1855. Suppose -p = 142 + j. Let k = -226 - p. What is the tens digit of k?
8
Suppose 8*f - 17542 = 11274. Suppose 5*p - f = -0*i + 2*i, -5*i + 3630 = 5*p. What is the tens digit of p?
2
Let c(t) = 91*t**2 + 9*t + 12. Let b(w) = w**2 + 30*w + 79. Let j be b(-3). What is the units digit of c(j)?
8
What is the thousands digit of ((-45)/(-5) + -14 + 6)*10687?
0
Suppose -22*z - 16*z = -987693 + 57263. What is the units digit of z?
5
Let j(r) = 0*r + 42*r + r + 19 + 55*r + 38. What is the tens digit of j(7)?
4
Let m(w) = -w**3 - w - 6. Let u be m(-2). Suppose 0 = 3*l - u*g - 243 - 13, -144 = -2*l - 4*g. Suppose 85*c - 120 = l*c. What is the units digit of c?
4
Let u(g) = 61*g**2 - 91*g + 28. What is the ten thousands digit of u(14)?
1
Let s(x) = 266*x + 3. Let v be s(2). Let f = v - -113. What is the units digit of f?
8
Let d be (9/12)/(95/(-20) + 5). Suppose -w = d*w - 144. What is the units digit of w?
6
Let i(q) = 4*q + 13. Let v be i(-3). Let a be (v/(-2))/(((-39)/18)/13). Suppose 5*t + 391 = a*l, -5*t = 2*l + l - 401. What is the tens digit of l?
3
What is the hundreds digit of (3 + 44/(-12))*(-63197 + (-17 - -10))?
1
Let a(q) = 5155*q**2 + 59*q - 61. What is the units digit of a(1)?
3
Let o = -548 - -572. What is the tens digit of 11500/15 - (o/9 + -3)?
6
Let v = 54 - 56. What is the tens digit of (774/(-12) + v)*-2?
3
Let t = 160 - 133. Suppose -15*i = -63 - t. What is the units digit of (-2 + 328/i)/((-4)/(-12))?
8
Let s be -1723 + (-3 - (4 + -9)). Let m = -957 - s. What is the units digit of m?
4
Let d be ((-8)/(-24))/((-1)/2)*-6. Suppose 70 = s - d*m, s + m + 254 = 4*s. What is the units digit of s?
6
Let b(z) = z**2 + 11*z - 160. Let o be (-3 - (-7)/2)*6*-11. What is the hundreds digit of b(o)?
5
Let f(j) = 10*j + 12 - 2*j**2 + 18*j**2 - 6*j**3 - 2*j**3 + 7*j**3. What is the tens digit of f(16)?
7
Let w(y) = y**2 - 33*y + 11. Let i be w(17). Let p be (-1885)/i - 2/9. Let x = p + 212. What is the units digit of x?
9
Suppose -95*z + 91*z + 130110 = -2*b, -2*b = 4*z - 130138. What is the tens digit of z?
3
Let w(f) = -f**2 - 22*f - 100. Let b be w(-15). Suppose -44 - 25 = -3*a. Suppose -2*j + 50 = b*p, 4*p + 2*j = 17 + a. What is the units digit of p?
0
Let g(a) = 3*a**3 - 13*a**2 + 31*a + 259. What is the hundreds digit of g(16)?
7
What is the hundreds digit of 1857882/52 - 12/18*3/(-4)?
7
Let m(r) = 74*r**2 + 41*r + 184. What is the units digit of m(-10)?
4
Let i = 349 - 339. Suppose i*a - 4307 = 5*a - 4*j, 2*a + 4*j - 1718 = 0. What is the hundreds digit of a?
8
Suppose 3*o = -15, 0 = 2*x + 20*o - 15*o - 925. Let p = 0 - -5. Suppose n + 4*q = 151, -p*n + x + 261 = q. What is the tens digit of n?
4
Let d = 577 - 242. Suppose 5*t - 5*c - d = 1720, -5*t = -3*c - 2049. Suppose 4*a = -4*a + t. What is the units digit of a?
1
Suppose 5*q - 2*n + 15063 = 0, -q - 1588 = -3*n + 1422. What is the units digit of (-7 - q)/(5*(-8)/(-20))?
3
Let c(y) = 3*y**2 - 4*y - 2. Let d be c(4). Let v be (45/d)/((-3)/(-8)). Suppose 4*g - 44 = 2*t, v*g = 2*g - 2*t + 16. What is the units digit of g?
0
Let s = 9 + -6. Suppose s*d = 387 + 444. Let r = d + -165. What is the tens digit of r?
1
Let o be ((-36)/15)/((-5)/((-250)/(-3))). Let v be o/(-70)*(-14)/4. Suppose v*d - 117 = 155. What is the tens digit of d?
3
Let g be (3 + (-2 - 0))*82 + -1. Suppose -a = -g - 42. Suppose -a + 19 = -8*f. What is the units digit of f?
3
What is the hundreds digit of (7/(-2))/(40/(-54480))?
7
Let r(y) = y**3 - 13*y**2 + 3*y - 15. Let i be r(13). Let d = i - 23. Suppose -6*u + 961 - d = 0. What is the hundreds digit of u?
1
Suppose -t = 0, 3*k = -2*t + 1 + 8. Suppose -2*m - k*o - o = -452, 5*o + 240 = m. What is the tens digit of m?
3
Let a(u) = -98*u**3 + 33. What is the units digit of a(-3)?
9
Suppose -6*l = -l + 6515. Let k = -920 - l. Suppose -5*a + 151 + k = r, 2*r + 310 = 3*a. What is the hundreds digit of a?
1
Suppose -479 = -12*y + 9877. Suppose 0 = 3*v - 5*j - 518, -3*v - 305 + y = 3*j. What is the units digit of v?
1
Let x = 414 + -706. Let k = 647 + x. What is the units digit of k?
5
Let s = 68958 - 33440. What is the units digit of s?
8
Suppose 0 = 22*k + 51638 - 787384. What is the units digit of k?
3
Suppose 18864*j + 13265 - 61043 = 18861*j. What is the units digit of j?
6
Let b(u) = -909*u - 234. What is the tens digit of b(-3)?
9
Let f be 3*((-9)/(-6))/((-18)/32). Let p be f - 39 - (-6 - -2). Let u = p - -78. What is the units digit of u?
5
Let h(y) = -y**3 - 13*y**2 + 12*y - 20. Let d be h(-14). Suppose d*b = b + 168. What is the units digit of b/(-16)*(-80)/3?
0
Let f = 16 + -22. Let q(l) = l**2 + 2*l + 2. Let m be q(f). What is the units digit of (4 + 11)/5*m?
8
Suppose 0 = 37*m - 33*m - 716. Suppose -4*x + m + 777 = 0. Let n = -116 + x. What is the tens digit of n?
2
Let s(q) = -4*q**3 - 31*q**2 + 126*q + 70. What is the ten thousands digit of s(-28)?
6
Suppose 16*t + 28*t = -3*t + 236974. What is the hundreds digit of t?
0
Suppose 81263 = 807*n - 788*n. What is the tens digit of n?
7
Let m(i) = -2*i**2 - 95*i - 48. Suppose -14*u - 420 = -4*u. What is the units digit of m(u)?
4
Let u(i) = -210*i - 973. What is the tens digit of u(-31)?
3
Let y be (-302)/(2 + -1) + 5. Let d = y + 206. Let h = -61 - d. What is the tens digit of h?
3
Suppose -6*p + 31556 = -12646. What is the tens digit of p?
6
Suppose 0 = 5*p - 3*a - 217971, 5*a = 55*p - 51*p - 174356. What is the units digit of p?
9
Let p = 26 - 14. Let v be 3 - ((-435)/18 + 2/p). What is the tens digit of v + -4 + 2 - -4?
2
Suppose -6*q + 3*d - 514 = -2*q, 0 = -q - d - 125. Let i be (-3626)/14*(-2)/(-7). Let p = i - q. What is the units digit of p?
3
Let a = -25166 + 46527. Suppose 55*d = 14*d + a. What is the hundreds digit of d?
5
Suppose -4*u - 31 = 2*g - 3*u, 5*u - 32 = g. Let q be g/(-34)*164/(-2). Let h = 59 + q. What is the tens digit of h?
1
Let r = 111 + -106. Suppose -4838 = -5*f + 4*k, -3*f + r*k = -8*f + 4865. What is the hundreds digit of f?
9
Suppose 4*k = 192 + 836. Suppose 0 = 6*g - k - 1231. What is the units digit of g?
8
Let g(o) = -40*o + 194. What is the units digit of g(-2)?
4
What is the units digit of (298/4)/((1955/16218)/115)?
3
Let f = 1155 - -3498. Suppose 4*t + f = 15*t. What is the units digit of t?
3
Suppose 59*q + 7*q - 1170512 = -46*q. What is the units digit of q?
1
Let l(f) = -f**3 + 8*f**2 - 6*f + 4. Suppose 0*n - 3*n - g + 22 = 0, 0 = -n - 4*g + 11. Let i be l(n). What is the units digit of (-618)/(-8) + i/(-44)?
7
Let r be (-8 - -7)*1*-2. Suppose r*u = -y + 7, -u - 2*u - 87 = -5*y. What is the tens digit of y?
1
Suppose 3*z = 3*c - 7*c + 3, 2*c - 1 = -z. Suppose 3*v - 578 - 1705 = c. What is the units digit of v?
1
Let u(o) = -2*o**2 + 219*o - 201. What is the thousands digit of u(96)?
2
Suppose 11*h + 102724 = 59*h - 271436. What is the thousands digit of h?
7
Suppose -206355 = -8*y - 3075. What is the units digit of ((-3)/5)/((-33)/y)?
2
Let y(g) = 3448*g - 344. What is the tens digit of y(3)?
0
Let a = -48104 + 84474